 z = 5*q. What is the units digit of q?
0
Let l(s) = 204*s - 208. Let d be l(-5). What is the hundreds digit of (d/(-7))/(46/161)?
6
Let g(p) = p - 11. Let l be g(9). Let h = 23 - 23. What is the units digit of 1 - (h + l) - -84?
7
Suppose -81 + 13 = -4*q. Suppose 0 = q*s - 104 - 610. What is the tens digit of s?
4
What is the units digit of -3 + 8 + -23 + 5291?
3
Let j(b) = -b**2 - 13*b + 18. Let s be j(-14). Let a be ((-24)/(-16))/(-2 - (-11)/s). What is the tens digit of (-6)/2 + 3 + (53 - a)?
5
Suppose -3*b + 40 = 5*s, -72 = -5*b - 4*s + s. Suppose 5*t + b*t - 16880 = 0. What is the units digit of t?
4
Let g(m) = 3*m + 15. Let d be g(11). Let k be 34 + (-28)/6 + 36/54. Let u = d - k. What is the units digit of u?
8
Let s(q) = 2*q**2 - 18*q + 46. Let d be s(10). Suppose -2*f + d = -70. What is the units digit of f?
8
Let i(b) = -14*b**3 - 11*b**2 + 13*b + 64. What is the hundreds digit of i(-6)?
6
Let u(v) = v**2 + 18*v - 36. Let p be u(-20). Suppose 5*z + p*i = 5, 3*i + 17 + 23 = 5*z. What is the tens digit of 33 + -1 - (1 + (0 - z))?
3
Let r = -5343 - -8347. What is the units digit of r?
4
Let x = -19 + 30. Suppose -x*w + 23 + 439 = 0. Let r = w + 99. What is the tens digit of r?
4
What is the ten thousands digit of 19949*3/3 - ((-4 - -6) + -8)?
1
What is the thousands digit of ((-10)/(-140))/(1/(-2)) - 243134/(-119)?
2
Let h be 190/(-57)*(-2 - 12/(-15)). What is the tens digit of (h*-1)/(23/(-3358))?
8
Let p(h) = -2*h**2 - h. Let k be p(0). Suppose k = 5*q - 10*q - 420. Let y = 89 - q. What is the tens digit of y?
7
Let i(f) = -2*f**2 - 94*f + 77. What is the units digit of i(-47)?
7
Let f(p) = 4*p**2 - 16*p - 11. Let i be 1*12*6/(-8). What is the units digit of f(i)?
7
Let f(v) = 82*v - 140. Suppose t - 100 + 95 = 0. What is the hundreds digit of f(t)?
2
Let n(p) = 6*p - 8. Let c(t) be the third derivative of -t**4/6 - 7*t**3/6 + 13*t**2. Let u be c(-6). What is the tens digit of n(u)?
9
Suppose -40795 = -4*z - 3*r, 0 = r - 71 + 66. What is the units digit of z?
5
Let s = 1336 + 3633. What is the hundreds digit of s?
9
Suppose 10*s - 6614 = 6*s + 1630. What is the units digit of s?
1
Suppose 3*b + 15782 = -106*n + 110*n, -19737 = -5*n - b. What is the tens digit of n?
4
Suppose -32*k - 197027 + 1012195 = 0. What is the hundreds digit of k?
4
Let s be (18/8)/((-3)/(-40)). Let h(x) = -19*x - 1056. Let z be h(-65). Let g = z - s. What is the units digit of g?
9
Suppose -8 + 4 = -2*o. Suppose -7*r + 3*r = 4*a - 12, 4*a - o = r. Suppose 38 = l - a. What is the tens digit of l?
3
Let m be 913/187 - 0 - 2/(-17). Suppose 0 = -a - f + 43 + 369, 3*a + m*f - 1242 = 0. What is the hundreds digit of a?
4
Let f(u) be the second derivative of 23*u**3/3 - 11*u**2 - 15*u. Let i be f(11). Suppose w = -0*c + 4*c - 395, 2*w = -5*c + i. What is the tens digit of c?
9
Let i(c) = 3*c**3 + c**2 + c - 2. Let q be i(2). Suppose 0 = -q*y + 33*y - 20. What is the hundreds digit of 15/2*(-80)/y*-1?
1
Let i(j) = j**3 + 3*j**2 - 2*j - 6. Let p be i(-3). Suppose -8*h + 250 - 98 = p. What is the tens digit of h?
1
Suppose 34*g = 66469 + 1991449. What is the hundreds digit of g?
5
Suppose -2*q + 9100 = -4*f, 5*f - 2503 - 6561 = -2*q. What is the tens digit of q?
4
What is the hundreds digit of 33/7 - 5 - (-354114)/42?
4
Suppose -481*q + 15106278 + 303038 = 0. What is the ten thousands digit of q?
3
Suppose 3*j = 4*o + 5, -3*o - 4 = -7. Suppose -4*k + 36 = -j*k. Suppose 83 = 2*s + r, -s + k = -4*r - r. What is the tens digit of s?
4
Let d(n) = 36*n**2 - 4*n + 4. Let o be ((-4)/5)/(23/(-25) - -1). Let z be 3*(o/(-30))/((-2)/(-4)). What is the units digit of d(z)?
0
Let p be 100/30*6/4. Suppose p*i = -23 + 3. What is the tens digit of 8/((3*i/72)/(-1))?
4
Suppose 0*o + 3*o + 3 = 0. What is the units digit of 49 + o + 5 + -4?
9
Let r(k) = k**2 + 17*k + 1. Let u be r(-17). Suppose 5*m - 16 = -u, 0 = -3*h - 3*m + 699. What is the units digit of h?
0
Let u be 60/(-120) - 46/(-4). Suppose -u*t = -76*t + 39845. What is the units digit of t?
3
Let b(j) = j**3 + 41*j**2 - 83*j + 167. Let y be b(-43). Let h = 1107 + y. What is the units digit of h?
5
Let w(s) = -s**3 - 21*s**2 - 5*s - 2. Let d(j) = j**2 + 13*j + 18. Let v be d(-8). What is the units digit of w(v)?
2
Let w(n) = 52*n - 677. Let x be w(14). Suppose -4*j + 288 = -4*a, 2*j = 3*a - 2*a + 140. Let c = x + j. What is the hundreds digit of c?
1
Suppose 3*d = x - 12661, -12656 = -81*x + 80*x - 2*d. What is the units digit of x?
8
Let y(v) = -133*v**3 + 2*v**2 + v - 1. Let t be 4 + ((-12)/(-3))/4. Let a be (3 - -1)/2*t/(-10). What is the hundreds digit of y(a)?
1
Let r = 62 - 14. Suppose h + r = 3*h. What is the tens digit of h?
2
Suppose -5*m - 54 = -54. Suppose m = 68*i - 47*i - 4095. What is the hundreds digit of i?
1
Let s(m) = -28*m**2 + 1076*m - 54. What is the ten thousands digit of s(17)?
1
What is the units digit of (-46727)/((7/21 - (-4)/(-6))*3)?
7
Let c(a) = -a**2 - 34*a - 107. Let z be c(-11). Suppose 141*x + 2550 = z*x. What is the hundreds digit of x?
5
Let c(t) = 100*t + 12342. What is the tens digit of c(67)?
4
Let q = -59 - -76. Let t(h) = h + 38. Let k be t(q). Suppose -7*n + 111 = -3*n + 3*g, 2*n = -g + k. What is the units digit of n?
7
Suppose w = 2*w + 107. Suppose 4*z + 2*l + 182 = 0, -178 = 4*z - 0*z - 2*l. Let d = z - w. What is the tens digit of d?
6
Let r(y) = 2*y**2 - 27*y + 28. Let z be r(12). Let p = -19 + z. Let w = 87 - p. What is the tens digit of w?
1
Let s(n) = -n**3 - 6*n**2 - n + 11. Let x be s(-2). What is the tens digit of (x/(24/(-20)))/(11/1826)?
1
Let y = 74 - 32. Let a = y + -44. What is the units digit of ((-4)/4)/(a/58)?
9
Suppose -498*z = -585*z + 359935 + 1220246. What is the units digit of z?
3
Let d be -3 + 3 - -5 - -1. Suppose -188 = -d*u - 1166. Let x = u + 356. What is the units digit of x?
3
What is the tens digit of (-1 + 6/((-120)/(-25828)))/((-8)/(-80))?
0
Let a = 149 + -155. What is the hundreds digit of (6/(-4))/(-2*a/(-9448))?
1
Let b = 52 + -48. Let u be (6 + b + -22)/((-3)/(-58)). What is the units digit of (-2)/(-2) + u/(-8)?
0
Suppose 2*l = -3*n + 6314, 3*n - 8 = n. Suppose l = 34*r - 3071. What is the units digit of r?
3
Let m = -1913 + 6056. What is the thousands digit of m?
4
Let p be 855/6 + 2/4. Let j = p + -10. What is the hundreds digit of j?
1
Let c be -1 - 39*-6*(-2)/(-4). Let w = -147 + c. Let x = 236 - w. What is the units digit of x?
7
Let z = 9 + -5. Suppose -3*l + 16 - z = 0. Suppose u - 15 = -h, 3*h - 55 = -2*u + l*u. What is the units digit of h?
7
Let v = 9593 - 4004. What is the hundreds digit of v?
5
Let s = -57355 + 104199. What is the hundreds digit of s?
8
Let x(j) be the second derivative of 37*j**3/6 + 2*j**2 + 2*j. Let b be x(8). Suppose 4*q = -0*q + b. What is the units digit of q?
5
Suppose 3*w + 3*z = -5660 + 29276, 23623 = 3*w + 2*z. What is the units digit of w?
9
What is the tens digit of (-620)/(-32)*166 - 3/(23 - 11)?
1
Let f = 16711 - 14471. What is the thousands digit of f?
2
Suppose 2*u + 0*u = -3*d + 194, 0 = d + 2*u - 62. Suppose 3*l - d = -12. What is the units digit of 1096/6 - l/(-54)?
3
Let s be 1/((-12)/4)*21. What is the units digit of s + 69 - (-6 - -1)?
7
Let f(y) = -y**2 - 8*y + 6. Let j(b) = b**3 + 10*b**2 - 12*b - 8. Let n be j(-11). Suppose g = -2*g - v - 21, -v = n. What is the units digit of f(g)?
8
Let v(a) = -644*a + 121. Let x be v(-5). Suppose 4*o = 3*s - x, -5*o = -3*s - 9*o + 3325. What is the thousands digit of s?
1
Let y(j) = -36*j**3 + 2*j**2 - 117*j - 483. What is the tens digit of y(-4)?
2
Let v = -18602 + 23448. What is the units digit of v?
6
Let r be (-1)/((-4)/(-64)*-4). Suppose t = r*o - 0*o + 293, 0 = -2*t - 5*o + 586. What is the hundreds digit of t?
2
Suppose -176*f + 148*f + 153692 = 0. What is the thousands digit of f?
5
Let b(i) = i**3 - 4*i**2 - 16*i + 6. Let n be b(6). What is the units digit of (0 - n/24) + (-1401)/(-4)?
1
Let c(x) = 15*x**3 + 46*x**2 + 17*x - 27. What is the hundreds digit of c(5)?
0
Suppose 2*k + 638 = -17*s + 18*s, -2 = 2*k. What is the units digit of 2/(2 - 1269/s)?
4
Let o be (-22810)/(-7) + 141/329. Suppose -2775 = -14*f + o. What is the tens digit of f?
3
Suppose -4*n - 16 = 0, -5*n = -5*q + 145 + 145. Let z = q + -2. Let k = z + 119. What is the units digit 